rime factors of c.
3, 11
Let y(s) = -30*s - 15*s - 16*s + 182. List the prime factors of y(-12).
2, 457
Let g be 15 - 15 - (-21)/(-3). List the prime factors of (-3 - g) + 5022/9.
2, 281
Let o(u) = -39*u + 112. Let m(k) = -2*k. Let j be m(2). List the prime factors of o(j).
2, 67
Let h(n) = -n**3 + 112*n**2 + 291*n - 257. What are the prime factors of h(111)?
5, 19, 467
Let w = -50 + 52. Let v = 5 - w. Suppose v*h - 189 = -4*l, 3*h = 2*h - l + 64. What are the prime factors of h?
67
Suppose -199 = -9*i + 737. Suppose i = 8*o - 120. What are the prime factors of o?
2, 7
Suppose 2*y + 4*q - 18 = -2, 4*y + 5*q - 26 = 0. Let w be 397 + (0 - y/1). Suppose 0 = 5*c + 4*a - w - 34, -3*a - 6 = 0. What are the prime factors of c?
3, 29
Let l(i) = 2*i - i**2 - 13 + 0*i + 0*i + 25. Let r be l(-6). List the prime factors of r*-3*(-4)/(-18).
2, 3
Let i = -13871 + 13874. Suppose -4 = -5*j - 3*u, -4*u - 11 = -3. Suppose -i*h + 7*d - j*d = -539, -2*h + 360 = -3*d. List the prime factors of h.
3, 61
Suppose -6*h = 4*h - 370. Let j be (-10 + -5)/((-1)/h). What are the prime factors of (2/3)/((15/3)/j)?
2, 37
Let o(f) = -f**2 - 13*f + 2. Let p be o(-11). Suppose -2*v = 13*v - 75. Let s = p - v. What are the prime factors of s?
19
List the prime factors of -11 - 0 - 9270450/(-243).
3, 12713
Let v(h) be the first derivative of -h**4/4 + 4*h**3/3 - 7*h**2/2 - 36*h + 32. List the prime factors of v(-8).
2, 197
Let b = 9242 + 1028. What are the prime factors of b?
2, 5, 13, 79
Let g(d) = -d**3 - d + 2387. What are the prime factors of g(0)?
7, 11, 31
Suppose 5*z + 0*z + 7 = -2*r, z + 3 = 0. Let k(j) = -2*j**2 + 10*j - 4. Let s be k(r). Suppose -135 - 85 = -s*c. What are the prime factors of c?
5, 11
Let z(x) = x**3 + 2*x**2 - 12*x - 19. Let v be z(-2). Suppose v*m = -13*q + 15*q - 3643, 3*q - 5469 = 3*m. What are the prime factors of q?
2, 3, 19
Let h = -11 - -22. Suppose -x = 199 - 975. Suppose -h*c + x = -3*c. What are the prime factors of c?
97
Let p(l) = -2 - 3 - l - 3. Let i be p(-11). Suppose -i*h + 135 = -291. What are the prime factors of h?
2, 71
Suppose 142428 + 53667 + 22049 = 17*i. What are the prime factors of i?
2, 401
Let p be (-26)/65 - 12/(-5). Let j(g) = -49 + 8*g - p*g**2 + 39 + 7*g**2. What are the prime factors of j(4)?
2, 3, 17
Let l = -10708 - -74132. What are the prime factors of l?
2, 991
Let g(m) = m**3 + 43*m**2 - 41*m + 139. Let d be g(-44). What are the prime factors of -2*(-126 - (-1 + d))?
2, 3, 11
Let j(o) = -24*o - 9. Let v(m) = 36*m + 14. Let p be ((-9)/(-6))/(12/(-64)). Let b(i) = p*j(i) - 5*v(i). List the prime factors of b(7).
2, 43
Suppose 3*a + 2*t = 18326, 0 = -4*a - 5*t + 11112 + 13325. List the prime factors of a.
2, 3, 509
Suppose -3*f + 7*f = u + 32, -5*f - 4*u = -40. Let d be (-4)/(4 - f) + 1. Suppose -d*z - 44 + 226 = 0. What are the prime factors of z?
7, 13
Suppose -s + 2 = 0, -2*m - 16616 = 15*s - 11*s. List the prime factors of m/(-14) - ((-672)/(-49) - 14).
2, 3, 11
Suppose 4*q - d = -3, d = 5*q + 6 - 3. Suppose 3*u + 4 + 35 = q. Let k(n) = -8*n + 26. List the prime factors of k(u).
2, 5, 13
Suppose 8*d + 72 = 7*d. Let c = 121 + d. Suppose 43*v + 54 = c*v. What are the prime factors of v?
3
Let i be (-38)/190 - (44/10)/(-2). Let q(a) = 15*a**3 - 4*a**2 + 3*a + 1. List the prime factors of q(i).
3, 37
Let z = -16513 - -24985. List the prime factors of z.
2, 3, 353
Suppose l + 119*h - 124*h = -22, 5*l + 4*h + 52 = 0. Suppose -20 = 5*s, 0 = -4*c - 8*s + 4*s - 24. What are the prime factors of c/(-3)*54/l*-18?
2, 3
Suppose 2*t + 2*i - 24 = 0, 0 = 5*t - 0*t - i - 60. Suppose 2*s - t = -u + 104, -u - 169 = -3*s. What are the prime factors of 8/32 - (-6)/8*s?
43
What are the prime factors of (-9 + 45/6)*2*(-8198)/3?
2, 4099
Let v = -31 - -38. Let b(h) = 2 + 2*h**2 - 8 + h + v - 38*h**3. List the prime factors of b(-1).
2, 5
Let f(k) = -68*k - 1116. List the prime factors of f(-47).
2, 5, 13
Let w be ((-76)/5)/((-1)/5). Suppose -3*j + g = 46, 4*g + 63 = -4*j - 9. Let b = w - j. List the prime factors of b.
2, 23
Let q(n) = 9*n**2 - 163*n + 298. What are the prime factors of q(47)?
2, 11, 569
Suppose 7*r = -4*m + 4*r + 2685, 5*m = 2*r + 3385. Suppose 0 = -5*g + 3*d + m + 86, 5*g - d = 757. Let i = g + 85. List the prime factors of i.
2, 59
Suppose 156397 + 2853547 = 61*x + 282451. List the prime factors of x.
61, 733
Let y(h) = 73*h + 300. Let d be y(-4). Let k(o) = 21*o - 12 - o**3 + 4*o**3 - 9*o**2 - 2*o**3. What are the prime factors of k(d)?
2, 23
Let w = -16633 - -25915. List the prime factors of w.
2, 3, 7, 13, 17
Let m be (8/(-56))/((-1)/7). Let g(w) = 559*w**3 - w**2 + 3*w - 1. List the prime factors of g(m).
2, 5, 7
Let y = -24234 + 34362. What are the prime factors of y?
2, 3, 211
Suppose -l - 5 = -5*o, 5*o - 2*l + 4*l - 20 = 0. Suppose -f + 136 + 137 = -4*p, 0 = -o*p + 2*f - 132. List the prime factors of (32/(-12) + 2)*p.
2, 23
Let g = 51 + -51. Let r(a) = -a**2 + 11*a - 12. Let y be r(9). Suppose -y*w + g*w = -822. What are the prime factors of w?
137
Let t be (-1)/7 - (1632/(-56) - 8). Let k = -32 + t. Suppose -5*b = -0*b - k*p - 355, -5*p - 79 = -b. What are the prime factors of b?
3, 23
Let p(l) = -l - 9*l - 6*l**2 + 28*l + 5 - 13*l. Let b be p(3). Let r = 150 + b. What are the prime factors of r?
2, 29
Suppose 47*a - 85459 = -19236. What are the prime factors of a?
1409
Let u(n) = -n + 5*n + 308*n**2 + 126 - 294*n**2 + n**3. List the prime factors of u(-12).
2, 3, 61
Let n(v) = 57*v + 46*v - 9 - 18*v. What are the prime factors of n(4)?
331
Let o be -4 + (-2)/4 + (-26129)/(-34). List the prime factors of o - (-56)/(-6 - -14).
3, 257
Let f(z) = z**3 - 34*z**2 + 65*z - 31. Let v be f(32). List the prime factors of 49 + 312 + 5 + v.
367
Let t(b) = b**3 + 13*b**2 - 16. Let u be t(-13). Let k = u - -32. Let f = -9 + k. List the prime factors of f.
7
Suppose -5*l - 3*c - 14 = c, 2*c = l. Let j be (-48)/(-8)*l/(-4). Suppose -j*i - 3*q = -q - 149, 5*i = 3*q + 223. What are the prime factors of i?
47
Let v(u) = -7*u + 36. Let h be v(0). Let k = 699 - h. List the prime factors of k.
3, 13, 17
Let q(h) = 3*h**2 - 37*h - 370. List the prime factors of q(54).
2, 5, 11, 29
Let y(r) = -17*r**3 + 7*r**2 + 6*r + 25. Let w be y(-5). Suppose j = -2*q + 7*q - w, 2*q - 891 = -5*j. What are the prime factors of q?
2, 229
Let h = -12 + 14. Suppose 4*j - j + 4*r - 44 = 0, 0 = -3*j + h*r + 14. Let s(z) = z**3 - 6*z**2 - 6*z + 16. List the prime factors of s(j).
2, 3
Let k(t) be the third derivative of t**4/12 - 13*t**2. Let y be k(0). Suppose 5*m + 4*c - 609 = y, -m + 121 = -0*c + c. What are the prime factors of m?
5
Let g(x) = 1605*x - 950. What are the prime factors of g(7)?
5, 11, 17
Let m(j) = j**3 - 53*j**2 - 141*j + 27. List the prime factors of m(61).
2, 10597
Suppose 16*f = 4493 + 691. What are the prime factors of f?
2, 3
Suppose 10058 + 85219 = 13*l. List the prime factors of l.
3, 7, 349
Let i = 3051 - -3208. List the prime factors of i.
11, 569
Suppose 3825 = 4*r - 3*u, 28*u = -r + 29*u + 957. List the prime factors of r.
2, 3, 53
Let l(y) = 18*y - 9. Let w be l(3). Suppose -9 = 9*d - w. Suppose -129 = d*h + t - 785, -h - t + 161 = 0. What are the prime factors of h?
3, 5, 11
Suppose 2*m = -3*a + 24918, -5*a + 17061 = -5*m - 24494. List the prime factors of a.
2, 31, 67
Suppose -4*z - 10 - 78 = 0. Let t = z - -25. Suppose l + t*p + 1 = 22, 2*l + 3*p - 30 = 0. What are the prime factors of l?
3
Let z = 148733 - 86700. What are the prime factors of z?
17, 41, 89
Suppose h = -h + 482. Let b = h - 154. List the prime factors of b.
3, 29
Let u(v) = 1037*v - 2290. What are the prime factors of u(10)?
2, 5, 101
Let y(w) be the third derivative of 11*w**4/24 + 7*w**3/6 - 30*w**2. List the prime factors of y(18).
5, 41
Let d(p) = 70 - 81 + 18*p - 7*p + 1193*p**2. What are the prime factors of d(1)?
1193
Suppose -c - 392985 = -46*c. List the prime factors of c.
3, 41, 71
List the prime factors of (-60)/(-40)*(-7)/(49/(-42126)).
3, 17, 59
Suppose -8*m + 3 = -13. Suppose 207 = 5*o + 3*s, 5*s + 58 = m*o - 0*s. Let c = o + -28. List the prime factors of c.
11
Let g(u) = -5*u**2 - 10 + 15 + 20 + 8*u - 5*u**2 + 2*u**3. List the prime factors of g(6).
5, 29
Suppose 3*p - 4*z = 17, -3 - 8 = -5*p - 2*z. Suppose p*k - 5*b + 535 = 2725, 